 + 6254. Give j(-184).
1286
Let z(a) = 15*a**2 - 1406*a - 4247. Give z(-3).
106
Let b(n) = -11*n**3 - 402*n**2 - 202*n - 64. Determine b(-36).
-568
Let r(k) = -1037*k + 237336. Calculate r(229).
-137
Let p(m) = -14*m**2 - 2628*m + 20634. Give p(8).
-1286
Let w(c) = -31169*c - 31099. What is w(-1)?
70
Let m(i) = -3920*i + 13330. What is m(3)?
1570
Let z(s) = s**2 - 93*s + 2077. What is z(33)?
97
Let k(w) = 290*w + 186467. Determine k(-643).
-3
Let g(t) = -2*t**2 - 299*t + 16804. Give g(-193).
13
Let a(r) = r**3 + 21*r**2 - 84*r + 882. Determine a(-26).
-314
Let o(b) = -b**2 - 3849*b + 222647. What is o(57)?
5
Let z(v) = 24*v**2 + 419*v + 49. Calculate z(-17).
-138
Let f(j) = -33*j**2 + 187*j - 1949. Calculate f(12).
-4457
Let s(t) = -6*t**3 - 1058*t**2 + 1788*t + 1413. What is s(-178)?
-11
Let a(p) = -4*p**2 + 2103*p + 6311. Determine a(-3).
-34
Let i(u) = -165*u - 9096. Calculate i(-57).
309
Let b(x) = -x**3 - 638*x**2 + 3857*x + 45. Determine b(6).
3
Let l(k) = 221*k**2 - 758*k - 529. Calculate l(4).
-25
Let p(q) = 37*q**2 + 3324*q - 7368. Determine p(-92).
-8
Let r(k) = -26460*k - 52880. Give r(-2).
40
Let c(t) = 28*t + 2052. What is c(-61)?
344
Let v(z) = -18185*z - 127379. Determine v(-7).
-84
Let q(y) = y**3 - 96*y**2 + 1050*y + 352. Determine q(13).
-25
Let t(x) = 10*x**3 + 419*x**2 - 16*x + 1110. Determine t(-42).
18
Let f(j) = 373*j + 2935. Calculate f(-6).
697
Let f(r) = r**3 - 43*r**2 - 264*r + 1384. Calculate f(48).
232
Let f(q) = -22*q**2 + 268*q + 2730. What is f(-9)?
-1464
Let h(r) = r**3 - 25*r**2 - 264*r + 5764. Calculate h(27).
94
Let p(c) = 28*c**2 + 233*c - 37. Determine p(-9).
134
Let h(z) = -3*z**3 - 31*z**2 + 152*z + 1317. Give h(-11).
-113
Let h(b) = -42577*b + 766379. What is h(18)?
-7
Let y(f) = -2*f**3 + 5*f**2 - 124*f + 276. What is y(13)?
-4885
Let n(g) = 5*g**3 - 6159*g**2 - 38379*g + 1155. Calculate n(1238).
-83
Let l(u) = 13434*u + 309673. What is l(-23)?
691
Let s(k) = -k**2 - 15*k - 34. What is s(-16)?
-50
Let c(y) = -60*y**2 - 13675*y + 114463. Determine c(-236).
3
Let l(x) = -x**3 + 5*x**2 + 43*x + 598. What is l(-8)?
1086
Let m(u) = 4*u**3 - 50*u**2 - 49*u + 55. Calculate m(12).
-821
Let h(p) = -5*p**2 - 2*p + 201. What is h(-6)?
33
Let t(j) = 4*j**3 + 270*j**2 + 126*j + 221. Calculate t(-67).
757
Let n(l) = -756*l + 126272. Determine n(167).
20
Let r(q) = 232*q - 6175. Determine r(26).
-143
Let f(l) = -l**3 + 25*l**2 + 4*l + 3601. What is f(0)?
3601
Let f(t) = t**3 + 13977*t**2 + 69877*t + 100. Give f(-5).
15
Let m(a) = -3*a**2 + 109*a - 1312. What is m(22)?
-366
Let p(d) = d**3 - 65*d**2 - 42*d - 1385. Calculate p(66).
199
Let z(a) = -36*a**2 + 1122*a - 2304. Calculate z(29).
-42
Let t(q) = -21*q**2 - 42*q + 875. What is t(-6)?
371
Let f(d) = -d**3 + 7*d**2 - 348*d + 2922. Give f(8).
74
Let q(z) = z**3 + 61*z**2 + 243*z + 156. Give q(-57).
-699
Let a(t) = -3*t**3 + 2*t**2 + 4271*t + 4270. Determine a(-1).
4
Let i(m) = -1493*m - 2191. Calculate i(-1).
-698
Let w(l) = 17193*l - 206616. Give w(12).
-300
Let a(g) = 195*g**2 - 155*g - 29. Determine a(1).
11
Let a(k) = -821*k + 10370. Calculate a(11).
1339
Let t(s) = -1522*s - 50155. Give t(-33).
71
Let k(j) = -7*j**2 - 527*j - 78. Determine k(-78).
-1560
Let t(d) = -70*d - 341. Give t(-7).
149
Let x(n) = 2062*n - 12369. Give x(6).
3
Let x(f) = -f**3 + 51*f**2 + 101*f - 2411. Give x(52).
137
Let n(q) = 7*q**3 + 3187*q**2 + 903*q - 3177. What is n(-455)?
8
Let a(u) = 40*u**3 + 2922*u**2 + 145*u - 62. Give a(-73).
11
Let s(i) = -i**3 - 216*i**2 + 4451*i + 222. Give s(19).
-44
Let u(h) = 3919*h + 132431. Give u(-34).
-815
Let q(n) = n**3 - 216*n**2 - 2010*n + 31. Determine q(-10).
-2469
Let h(q) = -203925*q - 3262911. Give h(-16).
-111
Let o(x) = x**2 + 12748*x + 38224. Calculate o(-3).
-11
Let w(m) = 33859*m - 270610. What is w(8)?
262
Let a(k) = -11*k**3 + 81*k**2 + 106*k - 2. Determine a(7).
936
Let c(p) = 8*p**3 + 3525*p**2 - 1323*p - 35. Determine c(-441).
-35
Let b(h) = -2*h**3 - 526*h**2 - 521*h + 839. Determine b(-262).
53
Let r(b) = 2124*b - 34452. What is r(17)?
1656
Let z(w) = 23*w**3 + 169*w**2 + 139*w - 278. Give z(-6).
4
Let d(m) = -m**2 + 4*m + 2212. Determine d(-45).
7
Let r(j) = 43*j**3 - 516*j**2 + 455*j + 138. Calculate r(11).
-60
Let a(o) = -o**3 + 8*o**2 - 9*o + 12. What is a(11)?
-450
Let b(k) = -k**3 - 160*k**2 - 2027*k - 169933. Determine b(-154).
-71
Let c(m) = -m**3 - 41*m**2 - 2*m - 96. Give c(-6).
-1344
Let p(s) = 5*s**2 - 2071*s + 170360. What is p(301)?
-6
Let h(q) = 2166*q**2 + 17327*q - 7. Determine h(-8).
1
Let g(i) = 8607*i - 370096. Calculate g(43).
5
Let b(m) = m**3 + 96*m**2 + 2220*m + 949. Give b(-58).
21
Let u(q) = 37991*q + 113859. Give u(-3).
-114
Let o(f) = -55*f**2 + 18977*f + 75897. Give o(-4).
-891
Let p(t) = -9592*t + 930434. Calculate p(97).
10
Let g(q) = -19938*q - 6. Determine g(0).
-6
Let h(u) = -u**2 - 106*u + 2978. Calculate h(25).
-297
Let v(d) = -9*d**3 - 520*d**2 + 141*d + 1452. Calculate v(-58).
2
Let c(k) = -k**2 - 46163*k - 876737. Calculate c(-19).
-1
Let x(j) = 2*j**2 - 2582*j + 709832. What is x(894)?
-4
Let h(s) = 2*s**2 + 158*s - 15104. Give h(-135).
16
Let t(d) = 154*d**2 - 1891*d + 26. Give t(12).
-490
Let w(f) = 49*f**3 + 120*f**2 - 243*f + 213. What is w(-4)?
-31
Let a(p) = -24*p**3 - 251*p**2 + 14*p + 1214. Calculate a(-10).
-26
Let o(q) = 5*q**3 - 558*q**2 + 335*q - 300. Calculate o(111).
-78
Let b(a) = 28*a**2 - 236*a + 66. Determine b(9).
210
Let m(h) = -635*h - 24113. What is m(-38)?
17
Let t(m) = 2*m**3 + 40*m**2 - 5*m + 164. Determine t(-20).
264
Let z(l) = 6597*l - 395794. What is z(60)?
26
Let j(f) = f**3 + 122*f**2 - 1046*f - 466. What is j(-130)?
314
Let m(h) = 47*h**3 - 4606*h**2 - h + 99. Determine m(98).
1
Let n(g) = g**3 - 104*g**2 + 343*g - 304. Determine n(100).
-6004
Let n(x) = 303*x + 322. Determine n(-1).
19
Let s(i) = 7*i**3 - 24*i**2 - 27*i + 12. Give s(4).
-32
Let k(m) = -11*m**2 - 17800*m - 53299. Give k(-3).
2
Let v(q) = -17*q**2 - 156*q + 696. Determine v(-11).
355
Let p(b) = -106*b - 21834. Calculate p(-153).
-5616
Let u(f) = -20508*f + 246100. Give u(12).
4
Let o(x) = 3*x**3 - 18*x**2 - 571*x - 163. Determine o(-11).
-53
Let f(z) = z**3 - 12002*z**2 - 72047*z + 26. Calculate f(-6).
20
Let t(l) = 74*l + 5725. What is t(-77)?
27
Let l(x) = -2*x**3 + 64*x**2 + 234*x - 5520. What is l(33)?
24
Let m(a) = -3*a**3 + 1826*a**2 - 27871*a - 61. Calculate m(593).
-61
Let y(o) = 9*o**3 + 202*o**2 + 472*o + 138. Give y(-2).
-70
Let f(b) = -84*b**2 + 59*b + 737. Give f(0).
737
Let l(r) = 5089*r - 213844. Calculate l(42).
-106
Let m(g) = 34*g**2 + 213*g + 98. Calculate m(-6).
44
Let t(c) = 39*c**2 + 1004*c + 6318. What is t(-15)?
33
Let y(n) = -248*n + 8214. Determine y(34).
-218
Let u(h) = -2*h**3 + 9*h**2 - 133*h + 336. Give u(5).
-354
Let i(k) = -856*k - 38514. Calculate i(-45).
6
Let y(s) = -s**3 - 17*s**2 - 47*s - 372. Give y(-16).
124
Let x(i) = -2926*i - 5349. Give x(-2).
503
Let h(p) = p**3 - 159*p**2 - 695*p + 634. Give h(-5).
9
Let l(m) = -m**3 + 366*m**2 - 9*m + 3313. Give l(366).
19
Let j(x) = 32*x**3 + 5*x**2 - 1403*x + 1397. Calculate j(1).
31
Let n(p) = 11*p**2 + 439*p - 2387. What is n(-42)?
-1421
Let b(d) = -9*d**2 + 529*d - 7297. Calculate b(37).
-45
Let k(x) = -991062*x - 7928498. What is k(-8)?
-2
Let b(y) = -3*y**2 - 587*y + 63002. Give b(77).
16
Let t(i) = 3*i**2 + 496*i - 7765. Determine t(15).
350
Let g(l) = -13*l**3 + 122*l**2 - 38*l + 260. Calculate g(9).
323
Let g(v) = -1262*v**3 - 18*v**2 + 16*v - 2. Calculate g(1).
-1266
Let l(n) = -n**3 - 25*n**2 - 28*n + 228. Give l(-24).
324
Let j(l) = -l**3 + 50751*l**2 - 9*l + 3. What is j(0)?
3
Let m(u) = u**2 - 53*u - 5986. Determine m(108).
-46
Let q(s) = 2*s**3 + 687*s**2 - 6706*s + 347. What is q(-353)?
-6
Let a(c) = c**3 + 47*c**2 - 3815*c - 169056. Give a(-42).
-6
Let c(t) = 2*t**3 - 266*t**2 + 1042*t - 4. Calculate c(4).
36
Let w(s) = 18*s**2 - 294*s + 196. Calculate w(15).
-164
Let z(d) = 32116*d + 1316768. Determine z(-41).
12
Let w(v) = 37*v**3 + 451*v**2 + 81*v - 41. Calculate w(-12).
-5
Let b(r) = 34*r**2 + 109*r + 674. Determine b(-6).
1244
Let n(f) = f**3 + 116*f**2 + 559*f + 324. Determine n(-111).
-120
Let p(q) = 11412*q - 102584. Determine p(9).
124
Let f(o) = -o**3 + 32*o**2 + 25*o - 2717. Determ